.
39
Calculate the greatest common divisor of 119 and 2771.
17
Calculate the highest common divisor of 39 and 14781.
39
What is the greatest common factor of 1045 and 22?
11
Calculate the greatest common factor of 124 and 12.
4
Calculate the greatest common divisor of 189 and 54.
27
Calculate the greatest common factor of 418 and 39083.
209
What is the highest common factor of 788 and 11623?
197
Calculate the greatest common factor of 325 and 845.
65
What is the greatest common factor of 3286 and 106?
106
What is the highest common divisor of 4 and 2172?
4
Calculate the greatest common divisor of 6 and 84.
6
Calculate the greatest common factor of 20 and 380.
20
What is the highest common divisor of 32 and 1?
1
What is the highest common factor of 2295 and 210?
15
What is the highest common divisor of 4 and 44?
4
What is the highest common factor of 12 and 204?
12
Calculate the highest common divisor of 329 and 42.
7
What is the highest common divisor of 2196 and 36?
36
What is the highest common divisor of 7735 and 260?
65
What is the greatest common factor of 90 and 555?
15
What is the highest common factor of 60 and 155?
5
What is the greatest common divisor of 921 and 9?
3
Calculate the greatest common factor of 150 and 6.
6
Calculate the greatest common factor of 425 and 170.
85
What is the greatest common factor of 1720 and 320?
40
What is the highest common divisor of 1445 and 935?
85
What is the greatest common divisor of 406 and 140?
14
What is the highest common divisor of 1640 and 100?
20
What is the greatest common factor of 72 and 168?
24
What is the greatest common divisor of 55 and 33?
11
What is the highest common divisor of 72 and 762?
6
What is the greatest common factor of 752 and 1739?
47
What is the highest common divisor of 243 and 36?
9
Calculate the highest common divisor of 208 and 2752.
16
What is the greatest common factor of 138 and 1725?
69
What is the greatest common factor of 5 and 40?
5
Calculate the greatest common divisor of 5533 and 99.
11
Calculate the highest common divisor of 228 and 2436.
12
What is the greatest common divisor of 7201 and 19?
19
Calculate the greatest common factor of 42 and 21651.
21
Calculate the highest common factor of 65 and 91.
13
Calculate the highest common divisor of 8 and 22.
2
What is the greatest common divisor of 25 and 1175?
25
What is the greatest common factor of 60 and 630?
30
What is the greatest common divisor of 21 and 25?
1
Calculate the highest common divisor of 62 and 19.
1
What is the highest common factor of 2304 and 126?
18
What is the greatest common factor of 26 and 559?
13
Calculate the greatest common divisor of 6479 and 3344.
209
Calculate the greatest common factor of 103 and 1.
1
What is the greatest common divisor of 32 and 237?
1
What is the highest common divisor of 4434 and 6?
6
Calculate the highest common factor of 1 and 492.
1
What is the greatest common factor of 16 and 272?
16
Calculate the highest common factor of 150 and 4325.
25
Calculate the highest common divisor of 140 and 36.
4
What is the greatest common divisor of 199 and 1?
1
What is the highest common divisor of 136 and 238?
34
Calculate the highest common factor of 1 and 188.
1
Calculate the greatest common factor of 70 and 3878.
14
Calculate the greatest common factor of 12 and 156.
12
Calculate the greatest common divisor of 15 and 2165.
5
What is the highest common divisor of 36 and 12?
12
Calculate the greatest common divisor of 1275 and 85.
85
Calculate the greatest common factor of 1276 and 44.
44
Calculate the highest common divisor of 36 and 243.
9
What is the highest common factor of 1 and 100?
1
What is the highest common divisor of 168 and 21?
21
Calculate the highest common factor of 34870 and 110.
110
Calculate the highest common divisor of 329 and 94.
47
What is the greatest common factor of 288 and 972?
36
Calculate the greatest common divisor of 3196 and 376.
188
Calculate the greatest common factor of 118 and 8378.
118
Calculate the highest common divisor of 498 and 4.
2
What is the highest common factor of 57 and 589?
19
What is the highest common divisor of 8020 and 40?
20
Calculate the greatest common factor of 122 and 17873.
61
What is the highest common factor of 8484 and 14?
14
What is the greatest common divisor of 2835 and 35?
35
Calculate the greatest common divisor of 2813 and 194.
97
What is the greatest common divisor of 7 and 924?
7
Calculate the greatest common factor of 998 and 2.
2
What is the highest common factor of 2632 and 112?
56
Calculate the greatest common factor of 15 and 120.
15
What is the highest common divisor of 112 and 35?
7
Calculate the highest common divisor of 2607 and 79.
79
Calculate the greatest common divisor of 2025 and 486.
81
Calculate the highest common factor of 43497 and 179.
179
What is the greatest common divisor of 875 and 125?
125
Calculate the highest common factor of 4912 and 16.
16
Calculate the highest common divisor of 153 and 6.
3
What is the highest common factor of 156 and 60?
12
What is the highest common divisor of 15 and 4015?
5
What is the greatest common divisor of 350 and 280?
70
What is the highest common factor of 5796 and 252?
252
What is the greatest common factor of 493 and 374?
17
Calculate the greatest common factor of 6512 and 148.
148
What is the greatest common factor of 4245 and 15?
15
Calculate the greatest common factor of 333 and 2479.
37
Calculate the highest common factor of 24 and 15.
3
Calculate the highest common factor of 81 and 171.
9
What is the highest common divisor of 15 and 2085?
15
What is the highest common divisor of 7524 and 264?
132
What is the greatest common divisor of 9 and 441?
9
What is the greatest common factor of 588 and 48?
12
What is the highest common divisor of 24 and 708?
12
What is the greatest common factor of 860 and 340?
20
What is the highest common divisor of 9075 and 25?
25
What is the greatest common divisor of 98 and 2?
2
Calculate the greatest common divisor of 532 and 551.
19
What is the greatest common factor of 15799 and 1036?
259
Calculate the highest common factor of 407 and 286.
11
What is the greatest common divisor of 46 and 1426?
46
Calculate the highest common divisor of 81 and 62289.
81
What is the highest common divisor of 775 and 403?
31
What is the greatest common divisor of 340 and 17?
17
What is the highest common factor of 152 and 16?
8
What is the highest common factor of 335 and 134?
67
Calculate the greatest common divisor of 5 and 2415.
5
Calculate the highest common divisor of 66 and 88.
22
Calculate the greatest common factor of 486 and 126.
18
Calculate the highest common divisor of 256 and 16.
16
Calculate the highest common factor of 225 and 10.
5
What is the highest common factor of 2414 and 782?
34
Calculate the highest common factor of 256 and 16.
16
What is the highest common divisor of 920 and 40?
40
Calculate the greatest common divisor of 4 and 644.
4
What is the greatest common divisor of 70 and 1585?
5
Calculate the highest common divisor of 10415 and 1.
1
Calculate the greatest common factor of 35 and 75.
5
What is the highest common factor of 2436 and 168?
84
Calculate the highest common factor of 697 and 17.
17
Calculate the greatest common factor of 6 and 6498.
6
Calculate the highest common factor of 2869 and 453.
151
What is the highest common divisor of 4067 and 588?
49
What is the greatest common factor of 16325 and 25?
25
Calculate the greatest common factor of 54 and 171.
9
What is the highest common factor of 1093 and 1?
1
Calculate the highest common divisor of 246 and 6.
6
What is the highest common factor of 330 and 60?
30
What is the greatest common divisor of 915 and 1037?
61
Calculate the highest common divisor of 1176 and 63.
21
Calculate the highest common divisor of 231 and 99.
33
Calculate the greatest common factor of 342 and 418.
38
What is the greatest common factor of 10 and 80?
10
Calculate the highest common divisor of 432 and 16.
16
What is the greatest common divisor of 78 and 416?
26
Calculate the highest common divisor of 209 and 22.
11
Calculate the highest common factor of 15703 and 82.
41
Calculate the greatest common divisor of 13 and 52.
13
Calculate the highest common divisor of